e the highest common factor of 2073 and 670270.
691
What is the highest common divisor of 21825 and 5141?
97
What is the highest common factor of 723 and 816267?
723
Calculate the greatest common factor of 7 and 4252206.
7
Calculate the highest common factor of 2752 and 19648.
64
Calculate the highest common factor of 114 and 1429066.
38
Calculate the greatest common divisor of 30 and 173890.
10
What is the greatest common divisor of 1050 and 99225?
525
Calculate the greatest common factor of 828 and 43608.
276
Calculate the greatest common divisor of 221 and 117861.
17
What is the greatest common factor of 2615627 and 14?
7
Calculate the highest common factor of 85324 and 15163.
257
Calculate the highest common factor of 8060 and 3718.
26
Calculate the greatest common divisor of 11704 and 186032.
616
What is the highest common divisor of 1248 and 32064?
96
Calculate the greatest common factor of 130962 and 5226.
78
What is the greatest common divisor of 5707 and 559?
13
What is the greatest common factor of 7301 and 22883?
49
Calculate the highest common divisor of 48 and 78000.
48
What is the greatest common factor of 4997 and 437?
19
Calculate the highest common factor of 572 and 886171.
143
What is the highest common factor of 188 and 1207148?
188
Calculate the greatest common factor of 132 and 209868.
12
Calculate the highest common divisor of 198 and 893277.
99
What is the highest common factor of 459 and 200379?
51
What is the greatest common divisor of 44649 and 66?
33
What is the highest common factor of 832541 and 17?
17
What is the highest common factor of 608 and 39976?
152
What is the highest common divisor of 534 and 188858?
178
Calculate the greatest common divisor of 27900 and 8556.
372
What is the highest common factor of 7420 and 1378000?
1060
Calculate the highest common factor of 51327 and 81.
27
Calculate the greatest common factor of 252 and 70572.
12
Calculate the greatest common factor of 38298 and 2886.
78
Calculate the greatest common factor of 2544 and 1662504.
1272
What is the highest common divisor of 32 and 11608?
8
Calculate the greatest common divisor of 4158 and 553311.
297
Calculate the greatest common factor of 678912 and 26.
26
What is the greatest common divisor of 4 and 58439?
1
Calculate the highest common factor of 699 and 6143278.
233
What is the greatest common divisor of 1020 and 5340?
60
Calculate the highest common factor of 96220 and 80.
20
Calculate the greatest common divisor of 289595 and 34.
17
What is the highest common divisor of 39 and 24063?
39
Calculate the greatest common factor of 30030 and 560.
70
Calculate the greatest common divisor of 264 and 2321.
11
What is the highest common divisor of 303161 and 2601?
289
What is the highest common factor of 81 and 1078812?
27
What is the greatest common factor of 1332 and 8?
4
What is the highest common factor of 40619 and 12231?
151
What is the greatest common divisor of 1248334 and 522?
58
What is the greatest common factor of 190 and 41760?
10
What is the highest common divisor of 93606 and 48?
6
What is the highest common divisor of 270 and 980?
10
Calculate the greatest common factor of 3038 and 26536.
62
What is the highest common factor of 24 and 850188?
12
Calculate the greatest common factor of 1953 and 576.
9
What is the greatest common factor of 47582 and 666?
74
What is the highest common factor of 425446 and 742?
14
Calculate the highest common divisor of 45950 and 3200.
50
Calculate the highest common factor of 59916 and 156.
12
Calculate the highest common factor of 50289 and 6.
3
Calculate the greatest common factor of 60729 and 1209.
93
Calculate the greatest common divisor of 170 and 203405.
85
Calculate the highest common divisor of 78370 and 170.
170
Calculate the highest common divisor of 4 and 7906.
2
Calculate the highest common divisor of 3290 and 650.
10
What is the highest common factor of 874 and 101982?
46
What is the highest common factor of 153 and 320031?
9
Calculate the highest common divisor of 137489 and 3509.
319
What is the highest common factor of 81 and 1027431?
27
Calculate the greatest common factor of 5459 and 11227.
103
What is the highest common factor of 191862 and 408?
102
Calculate the greatest common divisor of 29464 and 3712.
232
What is the highest common divisor of 84888 and 27?
27
Calculate the greatest common factor of 26483 and 284.
71
Calculate the highest common divisor of 50 and 8975.
25
Calculate the highest common factor of 150903 and 162.
81
Calculate the highest common factor of 14 and 1778.
14
What is the greatest common factor of 17168 and 400?
16
What is the greatest common divisor of 10146 and 10298?
38
What is the highest common factor of 5395082 and 308?
154
What is the greatest common divisor of 1752 and 216?
24
Calculate the greatest common divisor of 159 and 25080501.
159
What is the greatest common divisor of 10170 and 2430?
90
Calculate the highest common factor of 22 and 14376.
2
What is the highest common divisor of 432 and 178956?
108
Calculate the highest common factor of 46719 and 72.
9
Calculate the greatest common factor of 1 and 3253.
1
Calculate the highest common divisor of 2079 and 18249.
231
What is the greatest common factor of 133 and 1708?
7
Calculate the greatest common factor of 332416 and 9646.
742
What is the highest common divisor of 1269 and 696258?
423
Calculate the greatest common factor of 1428735 and 15.
15
What is the greatest common divisor of 2160 and 454680?
1080
Calculate the greatest common factor of 252 and 164844.
36
Calculate the greatest common factor of 775328 and 24.
8
Calculate the greatest common factor of 40 and 9344.
8
What is the greatest common factor of 2700 and 41100?
300
What is the highest common divisor of 25 and 2944?
1
What is the highest common divisor of 181 and 36019?
181
Calculate the greatest common factor of 87 and 2634.
3
Calculate the greatest common divisor of 3318 and 50106.
42
Calculate the highest common factor of 286979 and 63.
7
Calculate the greatest common divisor of 155 and 4619651.
31
What is the greatest common factor of 718400 and 16?
16
Calculate the highest common divisor of 1023246 and 27.
27
What is the highest common divisor of 2707556 and 170?
34
Calculate the greatest common factor of 8667 and 4601.
107
Calculate the highest common divisor of 128 and 230176.
32
Calculate the greatest common factor of 48 and 11343648.
48
Calculate the highest common factor of 1042 and 128.
2
Calculate the greatest common factor of 3286901 and 53.
53
What is the greatest common divisor of 54 and 1302885?
27
What is the highest common factor of 6402 and 231636?
582
Calculate the highest common factor of 20827 and 5192.
59
What is the highest common factor of 5712 and 39304?
136
Calculate the highest common divisor of 110 and 386870.
110
What is the highest common divisor of 21942 and 1440?
18
What is the greatest common divisor of 128140 and 42140?
860
Calculate the highest common divisor of 520 and 30992.
104
What is the greatest common factor of 3940 and 1760?
20
What is the greatest common factor of 32720 and 1127204?
1636
Calculate the greatest common factor of 100891 and 2982.
497
Calculate the greatest common divisor of 142 and 126380.
142
Calculate the greatest common factor of 1819 and 170.
17
What is the greatest common factor of 115 and 243777?
23
What is the greatest common factor of 2185 and 602623?
437
Calculate the greatest common factor of 179184 and 32.
16
What is the highest common divisor of 900271 and 514?
257
Calculate the greatest common divisor of 2313 and 24158.
257
Calculate the greatest common divisor of 60 and 1235580.
60
What is the greatest common divisor of 280 and 20692?
28
Calculate the highest common divisor of 4251 and 2106.
39
Calculate the greatest common factor of 696 and 2378.
58
What is the greatest common divisor of 328 and 391168?
8
What is the greatest common divisor of 7476 and 492?
12
Calculate the greatest common divisor of 338 and 587106.
338
What is the highest common divisor of 577944 and 460?
92
What is the highest common factor of 13268 and 6420?
428
Calculate the greatest common divisor of 1694 and 266.
14
What is the greatest common factor of 690 and 1150?
230
What